s the hundred thousands digit of 14401763?
4
What is the units digit of 48989?
9
What is the tens digit of 220283?
8
What is the thousands digit of 5033060?
3
What is the tens digit of 48385?
8
What is the millions digit of 2101239?
2
What is the hundreds digit of 4594887?
8
What is the units digit of 453038?
8
What is the units digit of 4926255?
5
What is the tens digit of 734128?
2
What is the ten thousands digit of 1552504?
5
What is the tens digit of 3833120?
2
What is the units digit of 313769?
9
What is the tens digit of 2246850?
5
What is the thousands digit of 179350?
9
What is the millions digit of 3529965?
3
What is the ten thousands digit of 140916?
4
What is the hundreds digit of 69622?
6
What is the ten thousands digit of 24330215?
3
What is the ten thousands digit of 2916632?
1
What is the tens digit of 490957?
5
What is the thousands digit of 352991?
2
What is the hundred thousands digit of 10984094?
9
What is the ten thousands digit of 659969?
5
What is the ten thousands digit of 568900?
6
What is the units digit of 229837?
7
What is the ten thousands digit of 6598174?
9
What is the ten thousands digit of 8860393?
6
What is the thousands digit of 203717?
3
What is the millions digit of 3041926?
3
What is the units digit of 995363?
3
What is the tens digit of 165892?
9
What is the hundred thousands digit of 4387390?
3
What is the tens digit of 156354?
5
What is the hundred thousands digit of 3755361?
7
What is the hundreds digit of 87069?
0
What is the millions digit of 1796059?
1
What is the hundreds digit of 136306?
3
What is the ten thousands digit of 559233?
5
What is the thousands digit of 49208?
9
What is the thousands digit of 719918?
9
What is the millions digit of 1165040?
1
What is the hundred thousands digit of 281955?
2
What is the millions digit of 7582433?
7
What is the ten thousands digit of 5574745?
7
What is the thousands digit of 3162548?
2
What is the hundred thousands digit of 5741066?
7
What is the hundreds digit of 76340?
3
What is the hundreds digit of 13405049?
0
What is the tens digit of 124776?
7
What is the thousands digit of 143570?
3
What is the tens digit of 8703?
0
What is the units digit of 16994925?
5
What is the thousands digit of 3191953?
1
What is the ten thousands digit of 9584584?
8
What is the hundred thousands digit of 396879?
3
What is the units digit of 44063?
3
What is the ten thousands digit of 5435523?
3
What is the thousands digit of 436155?
6
What is the thousands digit of 183103?
3
What is the ten thousands digit of 2665806?
6
What is the hundred thousands digit of 1086994?
0
What is the millions digit of 1252996?
1
What is the hundred thousands digit of 939105?
9
What is the ten thousands digit of 202310?
0
What is the hundreds digit of 21988269?
2
What is the units digit of 3155237?
7
What is the hundred thousands digit of 149631?
1
What is the hundred thousands digit of 221165?
2
What is the units digit of 4982299?
9
What is the tens digit of 4791837?
3
What is the hundred thousands digit of 1059205?
0
What is the thousands digit of 4644131?
4
What is the thousands digit of 593121?
3
What is the hundred thousands digit of 185442?
1
What is the thousands digit of 781100?
1
What is the hundreds digit of 37435?
4
What is the thousands digit of 3327142?
7
What is the hundred thousands digit of 812296?
8
What is the units digit of 5372278?
8
What is the hundreds digit of 424645?
6
What is the ten thousands digit of 388222?
8
What is the tens digit of 201?
0
What is the thousands digit of 293290?
3
What is the tens digit of 1887721?
2
What is the ten millions digit of 12634236?
1
What is the tens digit of 513759?
5
What is the hundred thousands digit of 2092477?
0
What is the units digit of 1671445?
5
What is the ten millions digit of 11952278?
1
What is the hundred thousands digit of 226474?
2
What is the hundred thousands digit of 662336?
6
What is the units digit of 411018?
8
What is the units digit of 333772?
2
What is the thousands digit of 8148168?
8
What is the units digit of 275791?
1
What is the hundred thousands digit of 904828?
9
What is the millions digit of 3266131?
3
What is the hundreds digit of 2756267?
2
What is the ten thousands digit of 940022?
4
What is the hundreds digit of 25251142?
1
What is the millions digit of 1060231?
1
What is the thousands digit of 415536?
5
What is the tens digit of 1534329?
2
What is the units digit of 7704000?
0
What is the tens digit of 25963?
6
What is the hundreds digit of 1071785?
7
What is the units digit of 10387988?
8
What is the ten thousands digit of 10847968?
4
What is the thousands digit of 7020940?
0
What is the ten thousands digit of 3558925?
5
What is the units digit of 734100?
0
What is the units digit of 894646?
6
What is the units digit of 1172185?
5
What is the thousands digit of 21594987?
4
What is the units digit of 160744?
4
What is the hundreds digit of 55272?
2
What is the thousands digit of 481644?
1
What is the thousands digit of 286324?
6
What is the ten thousands digit of 390446?
9
What is the hundred thousands digit of 30197141?
1
What is the ten millions digit of 25492065?
2
What is the hundred thousands digit of 1850079?
8
What is the ten thousands digit of 350513?
5
What is the thousands digit of 804114?
4
What is the tens digit of 1013886?
8
What is the hundred thousands digit of 372954?
3
What is the hundreds digit of 331267?
2
What is the ten thousands digit of 3314568?
1
What is the hundreds digit of 161925?
9
What is the units digit of 9?
9
What is the thousands digit of 1281246?
1
What is the tens digit of 148489?
8
What is the ten thousands digit of 43354?
4
What is the tens digit of 596171?
7
What is the hundred thousands digit of 5834135?
8
What is the tens digit of 14707149?
4
What is the ten thousands digit of 236747?
3
What is the millions digit of 12279096?
2
What is the hundred thousands digit of 819191?
8
What is the units digit of 1000090?
0
What is the hundreds digit of 357862?
8
What is the ten thousands digit of 411090?
1
What is the ten thousands digit of 1175862?
7
What is the units digit of 1493875?
5
What is the ten thousands digit of 2804151?
0
What is the units digit of 3795638?
8
What is the tens digit of 296168?
6
What is the hundreds digit of 204967?
9
What is the tens digit of 74465?
6
What is the units digit of 21750060?
0
What is the millions digit of 1905236?
1
What is the units digit of 13377986?
6
What is the tens digit of 9241?
4
What is the units digit of 2512574?
4
What is the ten thousands digit of 180182?
8
What is the tens digit of 6528185?
8
What is the hundreds digit of 437343?
3
What is the units digit of 905164?
4
What is the tens digit of 2476764?
6
What is the ten thousands digit of 1132900?
3
What is the hundreds digit of 752045?
0
What is the tens digit of 6894280?
8
What is the hundred thousands digit of 3466126?
4
What is the tens digit of 7818972?
7
What is the thousands digit of 2541481?
1
What is the hundred thousands digit of 1385009?
3
What is the units digit of 1897825?
5
What is the tens digit of 4754149?
4
What is the tens digit of 6854394?
9
What is the millions digit of 2028685?
2
What is the millions digit of 39737912?
9
What is the hundreds digit of 259591?
5
What is the thousands digit of 3534608?
4
What is the ten thousands digit of 22102151?
0
What is the tens digit of 3455551?
5
What is the millions digit of 4488687?
4
What is the tens digit of 1770735?
3
What is the units digit of 800453?
3
What is the thousands digit of 613527?
3
What is the hundred thousands digit of 591165?
5
What is the units digit of 512734?
4
What is the units digit of 3037243?
3
What is the units digit of 457930?
0
What is the hundreds digit of 260140?
1
What is the ten thousands digit of 14121095?
2
What is the tens digit of 7334?
3
What is the thousands digit of 8980985?
0
What is the tens digit of 481626?
2
What is the units digit of 737550?
0
What is the thousands digit of 604136?
4
What is the hundreds digit of 1161448?
4
What is the hundreds digit of 1957987?
9
What is the ten thousands digit of 19196229?
9
What is the thousands digit of 1231892?
1
What is the thousands digit of 18656277?
6
What is the ten thousands digit of 278243?
7
What is the tens digi